 (-4 + 2)) - (37 - -90 - 120).
33
Calculate -105 + 1 + (23 - ((0 - -14) + -2)) - -4.
-89
48 - (97 + -24 + -22)
-3
-59 - ((-44 - 21 - -47) + 40)
-81
-11 - 1 - (-99 - (-26 - (21 - 24 - 11)))
75
Calculate (12578 - 12606) + 1 + (-37 - 1).
-65
What is the value of -60 - (-32 + -44 + 50)?
-34
What is the value of (-278 - -280 - (2 - -14 - -1)) + 93?
78
Evaluate (19 - 1 - 0) + (-367 - -360).
11
Evaluate (-7 - (-20 + 21 + -11)) + (12 - -105).
120
Evaluate (-21 - 1) + -13 + 7 + -4.
-32
Calculate 112 - -121 - 104 - (25 + -1).
105
Calculate 21 - ((-2 - -13) + (-213 - -257)).
-34
-90 + 40 - (-47 + 7)
-10
Calculate (-33 - (-25 - (16 - 41))) + 82.
49
Calculate -52 + 1 + 5 - (443 - 459).
-30
What is -3 - -16 - (-21 + 13 + -24 + (-9 - 0))?
54
What is the value of 33 - (106 + -81) - 36?
-28
What is -63 - (-53 + 22 + 25 - -28)?
-85
Calculate 24 - (40 - 23 - 3) - (2 - -79).
-71
What is -29 - (-4 + 4 + -90) - 20?
41
What is 75 + (-10 - -21) + 33 + -18?
101
What is the value of -12 + (3 - -2) - (-2 + (-15 - -19) - 80)?
71
Evaluate 128 - (10 - (5 + 11 + -37)).
97
What is -74 - (-4 + -1 - (-2 + 26 + -19 - 16))?
-80
Evaluate 1 + -2 + -1 + 7 - (13 + -17) - -19.
28
Evaluate (-42 - -1) + (-224 - -276).
11
9 + -31 + 0 + (-11 - -9) + 2
-22
27 + -81 + 38 + 1
-15
What is (114 - (-58 + 114)) + -47?
11
-2 + -18 + 48 + -105
-77
-10 - (3 - 52 - ((15 - 5) + -23))
26
What is (-46 - -92) + 72 + -82?
36
Evaluate -9 + (2 + -2 - (-26 + (-67 - -27))).
57
Evaluate 121 - (-7 + -3) - (-69 + 103).
97
What is 15 + 133 + -95 + -38?
15
Evaluate (6 + -1 - (16 + 3 + -5 + -10)) + 15.
16
What is the value of (-167 - -58) + 1 + 34 + (-1 - 19)?
-94
What is the value of (63 - 68) + (-11 + 18 - (3 - 1)) + -14?
-14
What is 103 - 15 - (974 + -957 - (0 - -1 - -4))?
76
What is the value of 0 + -83 + (-10 - -2 - (-16 + 18 + -6))?
-87
Evaluate 52 + 0 + -4616 + 4557.
-7
Calculate (-389 - -402) + (-7 + 2 - -9 - (-51 - -1)).
67
6 - (-20 + 28 + -4 + 11) - (-1 + -48)
40
What is 90 + -140 - (-100 + 50)?
0
What is 53 + (-61 - -54) - 110?
-64
Calculate (-4 - (-7 - 1) - (-61 + -19 + 15)) + 1.
70
(32 - -54) + -15 + -66
5
(10 - (-2 + 8 + 4 + (0 - -7))) + -7
-14
Calculate (-8 - -38 - 46) + -43.
-59
Evaluate -22 - (19 - 39 - 9 - -99).
-92
What is (1 + (-8 - -22) + -4 - 7) + 69 + 3?
76
What is 12 + -22 + -1 + 56 + -21?
24
Evaluate 35 - 0 - (8 - (11 + 46)).
84
(12 - 66) + 106 - 78
-26
What is the value of (-1 + 2 - (-11 - -2)) + (-183 - (-120 + -56))?
3
What is the value of (-10 - 10) + 25 - (0 + 1) - -4?
8
Evaluate 23 - 1 - (92 - 84 - 16).
30
Calculate -1 + 10 - -2 - (17 - 16).
10
25 + -16 + -2 + -1 + -11 + (-2 - -7)
0
Calculate -31 + -1 + -381 + 176 + 198.
-39
What is 9 + (-24 - ((-12 - -19) + (-12 - -3))) - -19?
6
What is the value of (18 - (-1 - 1)) + (-2395 - -2325)?
-50
35 + 10 + (-1 - 16) - 12
16
Evaluate 2 + ((-35 - -17 - -13) + 25 - 15).
7
What is the value of (171 - 162) + (0 - -4 - (4 + -9 + 4))?
14
Evaluate (72 - (6 - -53)) + -22.
-9
What is (-2 - (3 - (8 + -3))) + (-3750 - -3830)?
80
What is the value of (-33 - -20 - 28) + -29?
-70
What is -51 - (-84 + 118) - 38?
-123
What is the value of 102 - (-9 + (33 + 28 - 22))?
72
Evaluate (-148 - 6) + (4 - -2) + (475 - 461).
-134
What is -3 - ((21 - 6) + -10 + (-42 - 3) + 1)?
36
Evaluate (20 - -2) + -79 + 97 + -54.
-14
What is the value of -66 - -1 - (0 - -4 - (103 + -104) - -1)?
-71
What is the value of (-40 - (67 + -97)) + 100?
90
Calculate -10 + 0 + (-8 + (2 - -2) - -3).
-11
Calculate 72 + (-100 - 23) + (3 - 29).
-77
(-28 + 62 + -48 - -96) + (13 - (-2 + 3))
94
What is the value of 41 - (22 - (-19 - -22) - 115)?
137
What is 13 - (77 + -57 - (17 - -88))?
98
Calculate 23 - 7 - (98 - 76).
-6
Calculate 19 - (10 + 37 + (-5 - -1)).
-24
Calculate (-103 - (18 + -97)) + 62 + -1.
37
((21 - 4) + -2 - (7 + 0)) + -6
2
Calculate (-43 - (-97 + 67)) + (77 - -3).
67
Calculate (82 - ((-4 - -1 - -4) + -1)) + -636 + 647.
93
Calculate (1 - 14) + -2 + 40 + -51 + 38.
12
Calculate 49 + -31 + (33 - 23) - -20.
48
Evaluate (-1 + 1 + -3 - -2) + (4 + -8 - 26).
-31
(16 - 0) + (-78 - -47) + -5
-20
What is (0 - -6) + -10 - (-28 - -23) - 76?
-75
What is the value of 102 - (96 + (22 - 56))?
40
-241 - -297 - (42 + -8)
22
Calculate (-45 - (-6 + -2)) + (-13 + 15 - 2).
-37
What is the value of -10 + 2 + (-4 - 61 - -10 - -10)?
-53
Evaluate (-32 - (-6 + -37 - 24)) + -182.
-147
What is the value of (-8 - (-72 - 3)) + (38 - 10) + -19?
76
What is 1 + -181 - (-24571 + 24474)?
-83
Calculate 16 + 40 + 26 + -43.
39
What is the value of -9 - ((18 - (-10 - -34)) + 4)?
-7
Evaluate -7 - (-14 - -28 - 30).
9
What is the value of (-46 - 14 - -87) + -36?
-9
Evaluate (-44 - 2) + (-1 - (-26 - -36 - 33)).
-24
What is (1 - (-8 + 17 - 36)) + 5 + (23 - 14)?
42
Evaluate 1 + -2 + 12 - (-18 + (72 - 62)).
19
Evaluate (35 - 1) + -161 + 107 + -40.
-60
-319 - -381 - (-5 + 26)
41
Calculate -1 + (3 - (-2 - (110 - 4))) + -603 + 589.
96
Evaluate -3 + -2 + 1 - ((-50 - -4) + 18).
24
What is -23 - (1 + -3 + 8 + (37 - 55))?
-11
-11 - -5 - -10 - (21 - 11 - -62)
-68
61 - 11 - (84 + 10)
-44
What is (-937 - -1024) + 0 + -19 - 1?
67
Evaluate 86 - (49 + -24) - (-9 - -4 - 5 - -3).
68
Calculate -1 + 1 + 2 + 11450 + -11457.
-5
(-444 - -495) + (-34 - -2)
19
Calculate (-10 + 2 + -14 - -4) + (6 - 11).
-23
What is (6 - 18) + -5 - -39 - 6?
16
What is the value of 0 - -71 - (-908 + 975)?
4
Evaluate 0 + 2 + (-9 - 27) + -33 + 45 + -19.
-41
What is the value of -25 + 72 + -16 - 9 - (10 + 1)?
11
Calculate 124 + -136 - -108 - 48.
48
Evaluate 75 + -26 + 3 + 2 + 0 + -3 + 8.
59
Evaluate 32 + -19 - (-55 - (7 - (8 + -6))).
73
What is -17 + (-572 + 569 - (12 - 1)) + -20?
-51
(73 + 0 - 54) + (-16 - 2) + -42
-41
(-65 - 1) + -8339 + 8422
17
What is the value of (7 - (26 + 14 + -38)) + (3 - -35)?
43
What is the value of 45 + (28 + -116 - -22)?
-21
Calculate 0 + -10 - -17 - ((8 - 21) + 8).
12
Calculate (95 - -80 - 203) + 0 + -34.
-62
What is the value of 7 - 16 - (-28 + 24 - -25)?
-30
What is the value of -2 - 3 - (170 + -216) - (-1 + 10)?
32
Evaluate -4 - -109 - (343 + -275).
37
What is 47 - (137 - (-93 + 134))?
-49
Evaluate (-57 - -166) + -138 - 37.
-66
What is (-49 + 36 - -63 - 39) + (17 - 1)?
27
Evaluate -18 + 28 + -19 + 31 + -31.
-9
What is -17 - (-19 + 19 + 5 - -7)?
-29
8 + 2 - (3 + 33 - 62)
36
Calculate -76 + (-14 - -41 - (18 - 19)).
-48
6 + -66 + (-5 - (-45 + 62))
-82
Evaluate 29 - (18 + 72 + 21 + -22).
-60
What is the value of 99 + (14 - 62) + 20?
71
Evaluate (5 - (-21 + 33)) + 0 + -9 + 4.
-12
What is the value of -20 - ((2 + 4 - (-81 - -77)) + -21) - -18?
9
What is the value of -6 + -103 + 5 - (2 - (9 + 14))?
-83
What is -39 + -21 + (-5 - -20) + 17?
-28
-118 + -57 + 119 - ((-4 - -3) + -4 - -3)
-54
(-33 - (-18 - -5)) + 10 - (5 + -18 + 62)
-59
What is the value of (-2 - 97) + -44 + -40 + 69?
-114
Evaluate -29 + -16 + (-60 - -65).
-40
-4 + -34 + 52 - (4 + 4 + 8)
-2
What is the value of -10 + -55 + (166 - 15)?
86
Calculate (8 - 0 - (41 - 72)) + 37.
76
Evaluate (-3 - (-12 + -2)) + (1725 - 1728).
8
What is (0 - -29) + -57 + -46 + -1?
-75
2 - (117 - -15) - ((-38 - -35) + 6)
-133
1 + -72 - (-2 - ((-30 + 15 - -3) + -3))
-84
Evaluate 0 - (-10 + (1 - -6) + 29 + (-38 - -14)).
-2
What is -18 + -61 + 85 - -5?
11
What is the value of (-30 - (23 - -26)) + (0 - -7) + -56 + 47?
-81
Evaluate 0 + (3 - (-5 - -13)) + 66 - 1.
60
Calculate 55 - (97 - (-35 - -67)).
-10
What is -27 - (-106 + 48) - 52?
-21
Calculate -77 - (-67 + 53 - 51).
-12
What is the value of 5 - (35 + -49 + 27) - -16?
8
-302 + 283 + 3 + -3 + -3 + 1
-21
What is 6 + 10 + -24 - -9 - ((-6 - -3) + 41)?
-37
What is the value of 7 + -6 + 7 + (-13 - -6) + -26?
-25
What is the value of 1 + -2 - (-607 + 570)?
36
Calculate (-1 - (-23 - (15 - 55))) + 6.
-12
What is the value of -91 - (-11 - (22 - 6 - 15))?
-79
1 + -71 + (400 - 338)
-8
What is the value of (14 - ((18 - -12 - (-5 + 16)) + 11)) + 93?
77
Calculate -50 - ((13 - 6) + -14 - (2 + -2)).
-43
Calculate 4 - (3 + 6 + (27 - 24) + -51 + 2).
41
What is 0 + -36 + (-1033 - -1058)?
-11
What is the value of (86 + -81 - -22) + -18?
9
-99 + (-48 - -5) + 83
-59
Evaluate 104 - ((10 - (-9 + 20)) + -1 + -4 + 11).
99
Calculate 64 + -1 - (-175 - -91 - -116).
31
Evaluate (-439 - -365) + 120 + 17.
63
What is -11 - (-46528 - -46589 - ((1 - (4 + 0)) + -1))?
-76
Calculate 33 - (-38 + 65 